V/Λ SELECT: Month and Year
OR > Month
Monthly Climatological Summary for Apr 2024
Name: Wetterstation Ottenau City: Gaggenau-Ottenau State: Deutschland
Elevation: 144 m Lat: N 48° 47' 34" Lon: E 008° 19' 35"
Temperature (°C), Rain (mm), Wind Speed (km/h)
Heat Cool Avg
Mean Deg Deg Wind Dom
Day Temp High Time Low Time Days Days Rain Speed High Time Dir
----------------------------------------------------------------------------------
01 10.9 12.3 22:25 9.4 12:21 7.5 0.0 17.2 2.7 27.0 22:30 SSW
02 12.5 15.6 16:11 9.4 07:44 6.0 0.0 1.0 5.5 35.0 10:51 SSW
03 12.2 15.4 23:56 8.9 07:05 6.0 0.0 3.4 4.4 32.0 20:50 S
04 15.1 16.9 17:40 13.3 19:41 3.5 0.0 8.0 4.7 34.0 16:41 S
05 18.3 24.7 13:01 11.8 07:36 1.9 1.7 0.0 3.3 35.0 13:42 S
06 21.6 30.9 16:36 12.2 06:49 1.7 4.2 0.0 2.5 23.0 13:09 NNE
07 19.8 25.9 15:09 13.6 05:24 0.8 2.3 0.0 1.9 14.0 06:40 NNW
08 20.4 26.7 16:14 14.1 04:32 1.2 3.0 0.0 1.8 18.0 23:40 N
09 16.4 22.7 23:55 10.1 11:58 4.6 0.1 0.0 3.6 31.0 08:42 SSW
10 11.7 17.3 17:07 6.1 07:36 7.1 0.0 0.4 2.2 20.9 16:33 WNW
11 12.4 20.0 14:23 4.8 07:07 6.1 0.1 0.0 2.8 20.9 11:28 NNW
12 16.2 23.7 17:43 8.8 05:47 3.8 1.2 0.0 3.2 20.9 13:28 N
13 19.6 27.9 17:07 11.2 05:37 2.3 2.3 0.0 2.7 17.7 11:58 N
14 18.5 25.8 15:36 11.3 06:21 2.1 2.5 0.0 2.2 20.9 11:33 NW
15 13.1 20.1 15:51 6.2 23:11 3.5 0.1 6.4 4.0 41.8 20:17 W
16 9.2 12.1 16:32 6.2 00:00 9.7 0.0 8.2 5.1 38.6 12:31 SSW
17 6.4 9.9 12:19 2.9 21:54 11.3 0.0 30.0 2.6 24.1 13:12 SW
18 7.6 11.8 15:27 3.4 09:45 12.1 0.0 11.4 1.6 20.9 15:38 SSW
----------------------------------------------------------------------------------
14.5 30.9 6 2.9 17 91.2 17.5 86.0 3.2 41.8 15 SW
Max >= 27.0 2
Max <= 0.0 0
Min <= 0.0 0
Min <= -18.0 0
Max Rain: 30.0 on day 17
Days of Rain: 9 (>= 0.2 mm) 7 (>= 2.0 mm) 1 (>= 20.0 mm)
Heat Base: 18.3 Cool Base: 18.3 Method: Integration