V/Λ SELECT: Month and Year
OR > Month
Monthly Climatological Summary for Jun 2023
Name: Wetterstation Ottenau City: Gaggenau-Ottenau State: Deutschland
Elevation: 144 m Lat: N 48° 47' 34" Lon: E 008° 19' 35"
Temperature (°C), Rain (mm), Wind Speed (km/h)
Heat Cool Avg
Mean Deg Deg Wind Dom
Day Temp High Time Low Time Days Days Rain Speed High Time Dir
----------------------------------------------------------------------------------
01 19.9 29.2 15:46 10.6 05:50 1.9 4.3 0.0 3.2 23.0 11:45 NNW
02 18.4 25.2 17:28 11.5 05:41 1.7 2.3 0.0 4.9 24.0 11:34 NNW
03 19.8 27.8 15:24 11.7 05:45 1.4 3.5 0.0 3.2 27.0 13:36 NNW
04 19.8 27.9 15:07 11.7 05:43 1.5 3.7 0.0 3.0 27.0 14:31 NNW
05 19.3 28.4 16:06 10.2 05:36 2.1 3.8 0.0 2.9 23.0 15:19 NNW
06 20.5 28.2 13:49 12.7 05:27 1.4 4.0 0.0 2.0 26.0 16:53 N
07 20.6 28.1 15:34 13.0 05:08 1.3 3.8 0.0 2.8 24.0 14:21 NNW
08 22.2 29.1 12:59 15.2 05:12 0.8 3.0 0.2 2.3 24.0 14:43 SSE
09 22.2 30.7 16:32 13.6 05:52 1.1 5.4 0.0 2.8 24.0 16:46 N
10 23.0 30.9 15:10 15.1 05:03 0.5 5.9 0.0 2.4 24.0 12:13 N
11 23.9 31.5 16:07 16.3 05:44 0.2 6.2 0.0 2.4 32.0 16:12 ENE
12 22.7 30.6 15:53 14.8 06:06 0.5 5.5 0.0 2.9 26.0 15:29 N
13 22.5 28.8 15:50 16.1 06:02 0.1 4.8 0.0 4.0 29.0 13:30 N
14 20.0 27.7 15:28 12.2 06:17 1.4 3.8 0.0 3.3 24.0 17:10 NNW
15 20.7 28.5 16:35 12.9 05:57 1.2 4.1 0.0 2.9 27.0 11:58 NNW
16 22.2 29.1 17:03 15.2 05:45 0.6 4.3 0.0 2.6 21.0 17:37 NNW
17 23.3 30.3 16:15 16.2 05:45 0.3 5.1 0.0 2.9 19.0 14:00 NNE
18 25.6 33.2 15:47 17.9 06:53 0.0 6.9 0.0 3.9 23.0 02:46 NNW
19 24.1 29.8 14:25 18.3 06:07 0.0 6.3 1.0 2.6 26.0 02:09 NW
20 26.5 34.4 17:28 18.6 06:05 0.0 8.0 3.8 2.4 21.0 12:24 WNW
21 23.9 28.9 15:33 18.8 03:18 0.0 5.2 6.0 1.7 19.0 15:12 W
22 25.8 32.3 17:56 19.2 05:42 0.0 7.4 21.0 3.1 31.0 21:58 WNW
23 22.8 27.7 16:40 17.8 03:10 0.0 3.5 2.6 2.9 21.0 00:50 WSW
24 23.5 31.1 16:07 15.8 05:43 0.5 5.4 0.0 2.9 23.0 15:34 N
25 24.6 33.7 17:21 15.4 05:31 0.2 6.9 0.0 2.4 21.0 18:01 NNW
26 24.6 29.9 15:07 19.2 05:56 0.0 6.1 0.0 3.8 32.0 18:23 WNW
27 21.5 26.6 16:29 16.3 06:29 0.2 3.2 0.0 1.9 19.0 14:46 NW
28 21.9 26.4 15:24 17.4 05:34 0.0 3.6 0.0 2.1 19.0 13:23 NNW
29 23.0 28.8 15:06 17.1 04:22 0.1 5.0 0.0 2.7 18.0 06:12 N
30 20.6 23.9 14:38 17.4 23:55 0.0 1.8 20.8 1.2 25.7 15:06 SW
----------------------------------------------------------------------------------
22.3 34.4 20 10.2 5 19.0 142.8 55.4 2.8 32.0 11 NNW
Max >= 27.0 26
Max <= 0.0 0
Min <= 0.0 0
Min <= -18.0 0
Max Rain: 21.0 on day 22
Days of Rain: 7 (>= 0.2 mm) 5 (>= 2.0 mm) 2 (>= 20.0 mm)
Heat Base: 18.3 Cool Base: 18.3 Method: Integration