V/Λ SELECT: Month and Year
OR > Month
Monthly Climatological Summary for Okt 2021
Name: Wetterstation Ottenau City: Gaggenau-Ottenau State: Deutschland
Elevation: 144 m Lat: N 48° 47' 34" Lon: E 008° 19' 35"
Temperature (°C), Rain (mm), Wind Speed (km/h)
Heat Cool Avg
Mean Deg Deg Wind Dom
Day Temp High Time Low Time Days Days Rain Speed High Time Dir
----------------------------------------------------------------------------------
01 13.7 20.9 15:40 6.4 05:47 5.4 0.3 0.0 1.8 17.7 08:34 NE
02 17.5 24.2 16:21 10.7 08:01 2.7 1.5 0.0 2.0 20.9 23:26 SSE
03 20.8 25.3 15:08 16.3 23:53 0.2 2.4 0.2 5.3 29.0 15:03 SSE
04 14.5 16.3 00:00 12.6 05:23 4.7 0.0 10.2 0.7 11.3 14:18 NW
05 16.1 19.7 15:30 12.5 02:27 3.8 0.1 7.6 1.8 19.3 18:34 SSW
06 13.4 15.7 15:48 11.0 20:15 5.3 0.0 2.0 3.1 22.5 10:26 SSW
07 12.7 17.1 14:34 8.2 23:51 5.9 0.0 0.0 1.2 16.1 13:35 N
08 11.4 16.9 16:24 5.9 05:57 7.2 0.0 0.0 1.7 20.9 11:17 NNW
09 13.1 19.0 15:36 7.1 23:51 6.2 0.0 0.0 3.2 22.5 13:16 NNW
10 11.2 18.2 15:21 4.1 06:16 8.6 0.0 0.0 1.9 19.3 15:13 NNW
11 9.0 14.1 12:58 3.9 07:02 8.6 0.0 0.0 1.5 19.3 05:01 NNE
12 10.2 13.2 14:25 7.2 02:43 7.9 0.0 8.4 1.4 17.7 22:05 SW
13 9.4 13.5 14:02 5.3 07:53 9.2 0.0 0.6 1.5 20.9 14:57 NNW
14 10.7 16.2 15:50 5.2 07:11 8.8 0.0 0.0 2.0 17.7 03:43 ESE
15 10.5 16.3 16:14 4.7 07:33 8.3 0.0 0.0 1.3 16.1 13:46 NNE
16 10.3 14.4 16:59 6.1 08:09 8.2 0.0 0.0 0.9 9.7 13:57 NNW
17 7.9 10.8 14:39 4.9 23:50 9.6 0.0 0.0 1.0 11.3 03:11 SSE
18 7.6 12.2 15:46 2.9 08:03 10.9 0.0 0.0 1.7 16.1 22:54 NNW
19 13.3 20.9 16:11 5.6 02:30 6.3 0.2 0.2 1.0 17.7 11:21 SE
20 15.3 23.3 13:12 7.3 07:15 4.2 1.4 14.0 2.9 30.6 12:28 S
21 14.2 18.1 04:19 10.2 23:40 3.7 0.0 37.6 5.8 61.2 06:47 SW
22 8.7 12.9 14:33 4.4 07:43 9.1 0.0 0.2 1.9 22.5 12:31 WSW
23 10.0 15.8 14:22 4.2 23:23 8.4 0.0 0.0 1.3 12.9 11:50 NNW
24 8.0 14.3 15:27 1.7 06:18 11.9 0.0 0.0 1.2 12.9 11:53 NNW
25 10.2 17.2 15:53 3.2 04:41 9.0 0.0 0.0 1.2 14.5 01:49 N
26 12.5 16.6 15:53 8.3 23:12 6.6 0.0 0.2 0.7 9.7 12:45 NNW
27 12.2 17.3 15:58 7.1 22:57 7.6 0.0 0.0 2.1 19.3 08:29 SE
28 8.0 12.4 15:54 3.6 08:12 10.5 0.0 0.0 1.6 14.5 12:16 NNW
29 8.0 13.0 16:31 2.9 04:46 11.4 0.0 0.2 1.7 12.9 11:42 NNW
30 8.9 14.4 23:36 3.4 06:25 11.2 0.0 3.4 1.7 17.7 22:53 N
31 15.3 20.5 14:36 10.0 04:26 4.3 0.2 0.2 1.8 19.3 00:07 NNW
----------------------------------------------------------------------------------
11.7 25.3 3 1.7 24 225.7 6.1 85.0 1.9 61.2 21 WNW
Max >= 27.0 0
Max <= 0.0 0
Min <= 0.0 0
Min <= -18.0 0
Max Rain: 37.6 on day 21
Days of Rain: 14 (>= 0.2 mm) 7 (>= 2.0 mm) 1 (>= 20.0 mm)
Heat Base: 18.3 Cool Base: 18.3 Method: Integration