V/Λ SELECT: Month and Year
OR > Month
Monthly Climatological Summary for Jul 2020
Name: Wetterstation Ottenau City: Gaggenau-Ottenau State: Deutschland
Elevation: 144 m Lat: N 48° 47' 34" Lon: E 008° 19' 35"
Temperature (°C), Rain (mm), Wind Speed (km/h)
Heat Cool Avg
Mean Deg Deg Wind Dom
Day Temp High Time Low Time Days Days Rain Speed High Time Dir
----------------------------------------------------------------------------------
01 23.8 31.5 17:21 16.0 05:37 0.5 5.9 0.0 3.0 22.5 12:14 WSW
02 22.0 25.0 18:00 19.0 11:50 0.0 3.3 0.4 2.3 29.0 18:21 WSW
03 20.9 25.5 15:38 16.3 06:25 0.2 2.4 0.0 2.7 24.1 15:52 NW
04 21.3 27.8 16:40 14.7 03:55 0.9 4.1 0.0 3.7 25.7 13:18 SSW
05 25.6 29.3 18:08 21.9 08:34 0.0 6.6 0.0 4.4 24.1 04:22 SSW
06 19.5 25.2 02:11 13.8 23:55 0.6 1.9 5.2 4.4 29.0 12:38 WNW
07 18.1 24.9 16:10 11.3 06:07 2.2 2.0 0.0 2.6 19.3 15:19 NNW
08 20.5 27.3 15:40 13.7 05:56 1.2 3.4 0.0 3.0 24.1 15:55 SW
09 23.5 31.5 18:25 15.4 02:41 0.5 5.8 0.0 2.3 24.1 15:48 WSW
10 22.8 27.2 10:33 18.3 05:33 0.0 4.7 0.2 4.3 32.2 12:35 NW
11 19.8 25.2 17:58 14.3 23:40 0.9 2.1 1.4 3.2 24.1 15:19 NNW
13 19.6 28.8 16:05 10.3 06:20 2.2 7.6 0.0 4.1 35.4 12:20 NNW
14 23.1 29.3 16:05 16.8 05:00 0.2 4.7 0.0 3.7 29.0 05:55 NNW
15 18.9 21.7 00:00 16.0 07:23 0.5 0.6 6.2 1.3 14.5 14:54 WSW
16 16.6 17.4 11:35 15.8 14:29 1.8 0.0 13.8 0.7 17.7 12:00 WNW
17 20.5 25.3 18:34 15.6 04:50 1.2 1.7 5.6 1.7 17.7 18:40 NNW
18 22.3 28.9 16:45 15.6 06:02 0.5 3.9 0.0 3.0 17.7 01:56 N
19 22.6 29.7 15:13 15.4 06:10 0.5 4.8 0.0 3.3 22.5 03:41 NNE
20 24.4 31.9 15:22 16.8 06:32 0.1 5.8 0.0 4.0 22.5 04:59 NNW
21 22.7 28.4 16:30 17.0 23:44 0.1 4.3 0.0 3.8 22.5 10:59 NNW
22 21.1 30.3 16:10 11.8 06:08 1.5 4.6 0.0 2.9 22.5 16:15 NNW
23 20.8 28.9 16:15 12.7 06:20 1.2 4.1 0.0 2.4 22.5 15:07 NNW
24 23.5 28.7 15:00 18.3 07:28 0.0 3.9 0.0 2.4 20.9 16:04 NW
25 22.6 29.8 17:17 15.3 05:52 0.4 5.0 0.0 2.2 20.9 12:24 NW
26 22.7 27.8 15:03 17.6 23:13 0.0 3.9 3.2 3.7 29.0 15:29 SW
27 24.9 32.9 18:02 16.8 05:46 0.3 6.4 0.0 4.4 25.7 01:44 S
28 24.2 30.0 15:59 18.4 23:58 0.0 6.3 0.0 3.7 30.6 18:29 WNW
29 21.5 28.7 17:57 14.3 06:31 0.9 3.9 0.0 2.5 22.5 10:52 NW
30 23.4 32.6 17:07 14.2 06:06 0.7 5.8 0.0 3.5 22.5 14:53 NNW
31 26.7 37.3 17:47 16.1 06:27 0.1 8.4 0.0 3.1 20.9 14:11 NNW
----------------------------------------------------------------------------------
22.0 37.3 31 10.3 13 19.2 127.9 36.0 3.1 35.4 13 WNW
Max >= 27.0 22
Max <= 0.0 0
Min <= 0.0 0
Min <= -18.0 0
Max Rain: 13.8 on day 16
Days of Rain: 8 (>= 0.2 mm) 5 (>= 2.0 mm) 0 (>= 20.0 mm)
Heat Base: 18.3 Cool Base: 18.3 Method: Integration