V/Λ SELECT: Month and Year
OR > Month
Monthly Climatological Summary for Jun 2020
Name: Wetterstation Ottenau City: Gaggenau-Ottenau State: Deutschland
Elevation: 144 m Lat: N 48° 47' 34" Lon: E 008° 19' 35"
Temperature (°C), Rain (mm), Wind Speed (km/h)
Heat Cool Avg
Mean Deg Deg Wind Dom
Day Temp High Time Low Time Days Days Rain Speed High Time Dir
----------------------------------------------------------------------------------
01 19.8 28.3 15:28 11.2 05:23 1.5 4.1 0.0 3.2 27.4 15:30 NNE
02 21.4 29.7 16:24 13.1 05:05 1.3 4.4 0.0 3.3 24.1 17:52 NNW
03 21.9 29.0 14:03 14.8 06:47 0.5 4.0 1.6 3.2 20.9 20:06 SSE
04 17.4 20.9 16:42 13.9 23:30 1.9 0.3 5.6 1.7 29.0 13:30 WSW
05 14.5 17.7 15:16 11.3 08:51 4.5 0.0 17.8 4.0 38.6 15:33 SSW
06 14.0 16.8 17:51 11.1 08:05 4.7 0.0 17.2 2.9 22.5 13:01 SSE
07 16.3 20.8 17:27 11.7 06:30 3.1 0.2 3.6 1.8 19.3 16:01 NW
08 16.4 22.4 16:56 10.4 05:40 3.2 0.5 0.0 2.3 20.9 16:28 NE
09 14.2 16.7 17:11 11.6 04:34 4.3 0.0 0.6 1.0 12.9 13:37 NNW
10 14.7 15.8 16:04 13.6 06:14 3.5 0.0 0.2 1.2 12.9 10:14 NNW
11 17.0 21.4 16:46 12.5 05:16 2.5 0.5 0.0 1.8 19.3 12:10 NNW
12 21.0 30.8 17:39 11.1 05:55 2.1 5.0 0.0 2.4 25.7 23:43 E
13 19.3 24.3 15:19 14.2 06:07 0.7 2.5 0.0 1.2 11.3 00:02 W
14 17.3 18.9 15:01 15.6 23:20 0.8 0.1 5.2 1.4 17.7 06:03 SW
15 19.8 24.4 16:01 15.2 02:56 1.1 1.7 1.6 1.5 17.7 13:15 W
16 19.6 23.4 16:55 15.8 05:46 0.7 1.4 1.0 0.9 17.7 16:59 NNW
17 19.3 24.4 13:15 14.2 05:48 1.7 1.0 24.8 1.8 17.7 13:07 WNW
18 18.2 24.6 16:09 11.8 05:17 2.0 2.0 0.2 2.7 20.9 15:17 W
19 18.9 23.5 15:53 14.3 04:47 1.5 0.9 0.2 2.5 20.9 17:51 SSW
20 19.4 25.4 14:06 13.3 04:21 1.3 2.2 0.0 1.9 22.5 18:30 NW
21 20.2 27.2 16:55 13.2 03:07 1.3 3.5 0.0 2.2 20.9 15:09 NW
22 21.8 26.7 16:54 16.8 23:44 0.1 3.1 0.0 2.5 24.1 11:12 WNW
23 21.1 29.3 15:47 12.8 05:42 1.0 4.8 0.0 3.2 27.4 16:02 NNW
24 22.2 30.6 15:47 13.7 05:25 0.9 5.9 0.0 3.0 25.7 16:41 N
25 22.8 30.0 15:27 15.6 03:38 0.4 5.8 0.0 3.3 24.1 12:49 NNW
26 25.0 30.7 16:05 19.3 05:38 0.0 4.8 1.6 4.0 30.6 17:03 SSE
27 24.3 29.9 16:49 18.6 01:29 0.0 5.6 0.0 2.8 24.1 12:58 SW
28 21.0 26.1 13:01 15.8 22:43 0.3 2.4 7.0 3.3 22.5 11:34 WNW
29 20.3 25.2 16:13 15.3 03:36 0.9 2.1 0.0 2.4 33.8 18:00 SSW
30 20.2 25.5 16:33 14.9 05:56 0.5 2.2 0.0 2.6 19.3 18:40 WSW
----------------------------------------------------------------------------------
19.3 30.8 12 10.4 8 48.3 71.0 88.2 2.4 38.6 5 WNW
Max >= 27.0 10
Max <= 0.0 0
Min <= 0.0 0
Min <= -18.0 0
Max Rain: 24.8 on day 17
Days of Rain: 15 (>= 0.2 mm) 7 (>= 2.0 mm) 1 (>= 20.0 mm)
Heat Base: 18.3 Cool Base: 18.3 Method: Integration