V/Λ SELECT: Month and Year
OR > Month
Monthly Climatological Summary for Mrz 2020
Name: Wetterstation Ottenau City: Gaggenau-Ottenau State: Deutschland
Elevation: 144 m Lat: N 48° 47' 34" Lon: E 008° 19' 35"
Temperature (°C), Rain (mm), Wind Speed (km/h)
Heat Cool Avg
Mean Deg Deg Wind Dom
Day Temp High Time Low Time Days Days Rain Speed High Time Dir
----------------------------------------------------------------------------------
01 10.8 15.9 15:43 5.7 23:57 7.0 0.0 0.8 7.5 53.1 22:20 S
02 7.8 10.8 12:52 4.8 05:24 10.7 0.0 6.8 3.2 27.4 00:13 SSE
03 5.5 9.6 14:09 1.3 23:56 12.5 0.0 5.0 3.2 24.1 00:26 SW
04 6.4 11.9 14:54 0.8 01:01 12.6 0.0 0.0 1.9 20.9 11:55 W
05 8.6 11.5 23:58 5.7 00:11 10.0 0.0 11.8 5.4 45.1 23:07 SE
06 8.8 11.6 00:03 5.9 14:26 11.0 0.0 19.8 6.6 49.9 01:12 N
07 7.0 10.4 14:34 3.6 22:54 12.0 0.0 1.0 2.4 17.7 01:40 WNW
08 9.3 14.5 15:36 4.0 00:00 9.3 0.0 1.4 3.9 30.6 12:43 SSE
09 8.9 11.1 17:05 6.6 06:37 7.6 0.0 4.8 2.5 22.5 22:16 SSE
10 9.7 13.9 22:42 5.4 01:45 8.7 0.0 3.0 6.4 40.2 07:53 SSE
11 16.0 18.6 14:44 13.3 07:23 2.8 0.0 0.2 7.7 38.6 01:16 S
12 12.9 17.3 10:48 8.5 23:44 5.0 0.0 9.0 5.9 41.8 10:18 SW
13 9.0 13.3 13:28 4.7 23:38 9.5 0.0 3.0 3.9 29.0 13:03 W
14 8.9 13.9 16:01 3.8 02:44 10.8 0.0 0.0 2.9 24.1 23:55 ESE
15 11.0 17.4 16:02 4.6 05:56 8.3 0.0 0.0 5.3 24.1 00:53 E
16 13.5 21.2 15:03 5.8 07:03 5.6 0.4 0.0 2.6 33.8 11:59 W
17 14.7 19.5 16:20 9.9 05:31 4.8 0.1 0.0 1.7 19.3 11:34 WNW
18 14.7 21.0 15:08 8.4 05:43 5.3 0.4 0.0 2.6 17.7 00:58 N
19 15.6 22.2 16:33 8.9 02:10 4.5 0.7 0.0 2.9 22.5 14:29 N
20 13.6 20.6 15:45 6.5 07:02 5.0 0.3 0.0 3.8 20.9 14:01 NNW
21 8.6 12.1 00:00 5.0 23:50 11.3 0.0 9.0 4.9 24.1 18:24 N
22 10.1 16.8 14:03 3.3 23:53 8.8 0.0 0.0 5.0 32.2 14:45 NE
23 5.6 10.6 15:23 0.6 06:27 13.2 0.0 0.0 5.6 32.2 08:31 E
24 5.1 11.4 14:37 -1.2 06:30 12.7 0.0 0.0 4.0 30.6 11:37 ESE
25 4.8 11.3 15:37 -1.7 06:23 12.6 0.0 0.0 3.9 35.4 14:46 NNE
26 6.7 12.2 15:53 1.2 06:26 11.6 0.0 0.0 4.5 32.2 16:08 N
27 9.0 17.1 15:15 0.9 06:25 9.4 0.0 0.0 3.0 25.7 13:57 NNW
28 11.2 19.7 14:04 2.7 06:30 7.2 0.2 0.0 2.9 22.5 12:17 NNW
29 6.3 8.8 00:48 3.8 23:35 11.8 0.0 3.2 3.7 24.1 08:22 N
30 4.9 9.3 15:22 0.5 22:43 13.7 0.0 0.2 4.1 30.6 16:20 NNE
31 4.9 11.2 14:14 -1.4 03:01 13.6 0.0 0.0 2.7 25.7 14:59 N
----------------------------------------------------------------------------------
9.3 22.2 19 -1.7 25 288.9 2.1 79.0 4.1 53.1 1 NE
Max >= 27.0 0
Max <= 0.0 0
Min <= 0.0 3
Min <= -18.0 0
Max Rain: 19.8 on day 6
Days of Rain: 15 (>= 0.2 mm) 10 (>= 2.0 mm) 0 (>= 20.0 mm)
Heat Base: 18.3 Cool Base: 18.3 Method: Integration