V/Λ SELECT: Month and Year
OR > Month
Monthly Climatological Summary for Mai 2019
Name: Wetterstation Ottenau City: Gaggenau-Ottenau State: Deutschland
Elevation: 144 m Lat: N 48° 47' 34" Lon: E 008° 19' 35"
Temperature (°C), Rain (mm), Wind Speed (km/h)
Heat Cool Avg
Mean Deg Deg Wind Dom
Day Temp High Time Low Time Days Days Rain Speed High Time Dir
----------------------------------------------------------------------------------
01 14.6 22.6 17:55 6.5 06:39 4.9 1.0 0.0 3.9 22.5 16:41 NNW
02 15.2 21.5 14:37 8.8 06:31 4.8 0.4 0.8 3.2 24.1 15:46 NNE
03 13.6 17.1 16:53 10.1 09:22 5.3 0.0 1.6 1.9 20.9 17:00 NW
04 7.8 11.2 00:00 4.4 23:52 11.2 0.0 11.2 1.9 29.0 10:17 WNW
05 7.9 11.7 12:11 4.1 00:36 10.7 0.0 0.0 3.3 22.5 12:25 NNW
06 9.7 14.8 15:31 4.5 02:47 9.0 0.0 0.0 2.8 17.7 13:47 NNW
07 12.7 12.7 00:00 12.7 00:00 5.6 0.0 0.0 4.8 3.2 00:00 NNW
08 12.7 12.7 00:00 12.7 00:00 5.6 0.0 0.0 4.8 3.2 00:00 NNW
09 12.7 12.7 00:00 12.7 00:00 5.6 0.0 0.0 4.8 3.2 00:00 NNW
10 12.7 12.7 00:00 12.7 00:00 5.6 0.0 0.0 4.8 3.2 00:00 NNW
11 14.2 18.6 13:08 9.7 23:38 4.5 0.0 31.8 4.7 32.2 10:31 NNW
12 11.7 16.3 15:50 7.1 23:57 7.4 0.0 0.2 4.1 29.0 17:59 NNW
13 11.4 19.6 16:37 3.2 06:24 6.6 0.1 0.0 3.2 32.2 12:48 N
14 11.9 18.6 14:55 5.2 06:48 5.4 0.0 0.0 3.7 25.7 13:11 N
15 11.6 18.9 17:02 4.3 06:51 5.7 0.0 0.0 3.6 25.7 17:38 NNE
16 12.2 19.8 15:47 4.5 06:43 5.6 0.1 0.0 2.0 20.9 12:30 N
17 14.5 23.5 16:42 5.5 06:33 4.3 1.3 0.0 1.8 20.9 13:50 NNW
18 17.2 24.2 15:50 10.2 05:00 3.4 1.1 8.0 2.4 25.7 17:43 NNW
19 17.5 22.3 16:52 12.6 05:27 2.5 0.7 0.8 1.3 17.7 16:38 NW
20 15.9 17.9 14:42 13.8 23:54 2.3 0.0 10.0 1.9 20.9 20:43 N
21 13.3 14.3 17:42 12.3 07:14 5.1 0.0 32.8 3.1 27.4 11:56 N
22 16.4 21.4 17:41 11.3 08:08 3.6 0.5 0.2 1.6 16.1 15:12 NW
23 17.2 25.1 16:04 9.3 05:46 3.3 2.0 0.0 3.8 27.4 16:37 NNW
24 19.0 25.7 19:09 12.3 02:36 2.0 2.3 0.0 2.9 20.9 03:43 NNW
25 19.2 25.4 14:28 13.0 05:48 1.6 1.6 1.6 2.6 35.4 14:36 NNW
26 18.1 25.3 16:13 10.9 06:12 2.2 2.2 0.2 2.5 22.5 16:24 NW
27 18.0 23.3 13:11 12.7 04:03 1.9 1.2 0.0 2.4 29.0 13:10 NW
28 17.0 20.9 16:06 13.1 23:21 2.4 0.3 0.8 2.9 25.7 16:48 W
29 15.9 19.8 15:58 11.9 07:13 3.4 0.2 1.0 1.6 17.7 13:27 NNW
30 17.3 24.5 15:48 10.1 05:56 2.5 2.1 0.0 3.7 27.4 14:15 NNW
31 21.7 27.6 18:41 15.8 05:52 0.8 3.7 0.0 1.7 16.1 13:35 NNW
----------------------------------------------------------------------------------
14.5 27.6 31 3.2 13 144.8 20.8 101.0 3.0 35.4 25 NNW
Max >= 27.0 1
Max <= 0.0 0
Min <= 0.0 0
Min <= -18.0 0
Max Rain: 32.8 on day 21
Days of Rain: 14 (>= 0.2 mm) 5 (>= 2.0 mm) 2 (>= 20.0 mm)
Heat Base: 18.3 Cool Base: 18.3 Method: Integration