V/Λ SELECT: Month and Year
OR > Month
Monthly Climatological Summary for Feb 2019
Name: Wetterstation Ottenau City: Gaggenau-Ottenau State: Deutschland
Elevation: 144 m Lat: N 48° 47' 34" Lon: E 008° 19' 35"
Temperature (°C), Rain (mm), Wind Speed (km/h)
Heat Cool Avg
Mean Deg Deg Wind Dom
Day Temp High Time Low Time Days Days Rain Speed High Time Dir
----------------------------------------------------------------------------------
01 4.9 7.8 14:27 2.0 06:10 13.7 0.0 1.8 0.9 27.4 00:26 SSE
02 5.2 7.4 14:44 2.9 07:52 13.2 0.0 0.0 0.3 8.0 14:00 NNW
03 3.6 5.1 01:14 2.0 23:14 14.7 0.0 0.4 4.1 25.7 06:05 N
04 4.2 8.3 15:00 0.0 08:04 15.1 0.0 0.0 2.4 22.5 09:52 N
05 4.1 9.3 15:42 -1.1 07:17 15.5 0.0 0.0 1.8 20.9 23:28 N
06 2.9 8.2 15:48 -2.5 08:24 16.6 0.0 0.0 0.9 14.5 14:08 NNW
07 2.8 7.0 16:57 -1.5 03:52 16.0 0.0 3.0 0.7 16.1 18:06 E
08 8.3 12.7 12:42 3.8 23:56 10.5 0.0 0.0 3.0 25.7 02:19 SSE
09 8.2 12.7 03:00 3.6 00:43 8.3 0.0 4.4 6.7 38.6 17:06 SSW
10 10.6 15.3 11:49 5.9 21:54 8.1 0.0 19.6 8.3 49.9 11:26 SE
11 6.4 7.9 14:37 4.8 23:56 12.3 0.0 0.0 4.0 30.6 00:03 N
12 4.6 8.3 14:25 0.9 23:13 13.9 0.0 0.0 1.3 16.1 11:39 N
13 6.0 12.2 15:12 -0.3 04:44 14.1 0.0 0.0 2.0 19.3 06:49 NNW
14 5.5 12.9 15:35 -1.9 08:00 14.5 0.0 0.0 1.3 17.7 01:30 NNW
15 6.5 14.9 16:08 -1.9 08:07 14.2 0.0 0.0 1.1 12.9 12:01 NNW
16 8.3 17.2 15:26 -0.6 03:24 11.8 0.0 0.0 1.3 19.3 20:51 NNW
17 9.8 18.8 15:48 0.7 08:05 9.7 0.0 0.0 1.4 16.1 23:11 N
18 9.6 16.5 16:01 2.6 08:01 10.1 0.0 0.0 2.2 16.1 10:12 NNW
19 6.2 10.7 11:44 1.7 06:00 12.7 0.0 0.0 1.0 19.3 11:40 N
20 8.1 14.8 15:10 1.4 01:31 11.0 0.0 0.0 1.4 19.3 14:20 NNW
21 10.2 16.6 14:21 3.7 06:21 9.1 0.0 0.0 1.6 14.5 00:22 NNW
22 9.0 14.2 13:16 3.7 23:53 8.7 0.0 0.0 1.2 16.1 12:36 NNW
23 8.1 15.6 13:45 0.6 07:16 11.4 0.0 0.0 1.9 24.1 20:36 N
24 7.5 16.8 15:57 -1.8 07:09 11.9 0.0 0.0 2.0 20.9 12:18 NNW
25 10.4 21.3 15:07 -0.6 07:11 10.1 0.3 0.0 1.5 16.1 14:12 N
26 11.7 22.3 15:29 1.1 07:19 9.2 0.5 0.0 1.4 16.1 16:17 NNW
27 13.0 20.6 16:20 5.4 08:34 7.6 0.2 0.0 2.1 16.1 23:17 NNW
28 12.0 21.0 15:02 2.9 06:31 6.8 0.2 1.2 4.0 35.4 12:58 W
----------------------------------------------------------------------------------
7.4 22.3 26 -2.5 6 330.8 1.2 30.4 2.2 49.9 10 N
Max >= 27.0 0
Max <= 0.0 0
Min <= 0.0 10
Min <= -18.0 0
Max Rain: 19.6 on day 10
Days of Rain: 6 (>= 0.2 mm) 3 (>= 2.0 mm) 0 (>= 20.0 mm)
Heat Base: 18.3 Cool Base: 18.3 Method: Integration