V/Λ SELECT: Month and Year
OR > Month
Monthly Climatological Summary for Jan 2019
Name: Wetterstation Ottenau City: Gaggenau-Ottenau State: Deutschland
Elevation: 144 m Lat: N 48° 47' 34" Lon: E 008° 19' 35"
Temperature (°C), Rain (mm), Wind Speed (km/h)
Heat Cool Avg
Mean Deg Deg Wind Dom
Day Temp High Time Low Time Days Days Rain Speed High Time Dir
----------------------------------------------------------------------------------
01 6.5 7.3 13:14 5.7 07:01 11.6 0.0 0.0 2.1 35.4 18:19 WSW
02 2.5 6.8 12:47 -1.8 23:59 14.9 0.0 0.0 2.2 37.0 00:18 N
03 -0.9 1.9 13:27 -3.7 05:53 18.8 0.0 0.4 0.0 11.3 09:33 E
04 1.9 4.1 13:07 -0.4 07:30 16.4 0.0 0.0 0.4 12.9 18:03 N
05 3.6 4.9 20:37 2.2 08:01 14.9 0.0 3.8 1.5 17.7 09:43 NNE
06 4.5 4.9 00:00 4.1 08:24 13.9 0.0 7.4 1.2 16.1 11:12 SSE
07 4.5 5.1 14:21 3.9 08:33 13.9 0.0 0.0 0.7 24.1 23:40 S
08 6.0 7.8 13:56 4.2 00:13 12.2 0.0 0.6 5.7 37.0 04:48 N
09 3.3 5.3 00:00 1.3 22:56 14.7 0.0 1.8 3.8 41.8 14:45 WNW
10 1.0 2.1 13:29 -0.1 23:55 17.0 0.0 0.4 0.2 8.0 15:16 NW
11 0.4 1.6 13:20 -0.9 04:11 17.8 0.0 0.8 0.3 9.7 14:40 SE
12 3.7 5.9 16:07 1.5 00:02 14.3 0.0 8.8 3.3 30.6 14:36 SSE
13 7.4 9.5 21:41 5.2 00:00 10.6 0.0 10.0 5.0 30.6 17:04 WNW
14 6.2 9.5 00:00 2.9 23:56 12.2 0.0 1.8 2.8 30.6 14:55 N
15 4.9 7.2 18:25 2.5 04:26 13.0 0.0 0.0 2.0 17.7 19:23 N
16 5.5 8.7 13:48 2.2 20:12 12.8 0.0 0.0 1.4 19.3 23:26 NNE
17 6.2 9.5 06:34 2.8 23:36 11.0 0.0 2.4 6.0 33.8 04:09 SW
18 1.5 4.7 13:31 -1.8 23:42 16.4 0.0 0.0 1.5 20.9 04:02 N
19 -0.2 3.7 12:00 -4.1 08:47 19.2 0.0 0.0 1.4 19.3 23:37 N
20 -1.5 0.4 21:57 -3.4 06:44 19.7 0.0 0.0 1.4 14.5 00:05 N
21 -2.7 0.5 14:56 -5.9 23:19 20.8 0.0 0.0 1.0 8.0 01:15 N
22 -2.2 2.5 12:56 -6.8 02:39 21.4 0.0 0.0 1.0 16.1 23:57 N
23 -0.2 2.6 14:13 -2.9 03:29 18.7 0.0 0.0 3.5 20.9 14:50 NNW
24 -1.1 -0.4 00:00 -1.8 05:11 19.5 0.0 0.0 1.6 12.9 01:35 NNW
25 0.1 2.9 23:58 -2.8 03:27 18.6 0.0 0.2 1.3 16.1 23:17 N
26 5.4 7.9 23:58 2.9 00:00 12.6 0.0 0.0 4.0 30.6 21:35 N
27 7.0 10.7 13:06 3.3 22:43 10.5 0.0 8.4 6.4 38.6 08:48 N
28 3.2 3.9 01:24 2.4 11:00 15.2 0.0 11.0 4.6 27.4 09:40 N
29 2.5 6.2 13:18 -1.2 21:32 15.5 0.0 0.0 1.6 17.7 00:09 N
30 3.6 6.2 11:17 0.9 23:59 15.1 0.0 0.4 6.2 45.1 12:40 ESE
31 3.5 6.6 14:07 0.3 03:03 15.7 0.0 0.4 4.0 24.1 23:00 SE
----------------------------------------------------------------------------------
2.8 10.7 27 -6.8 22 478.9 0.0 58.6 2.5 45.1 30 N
Max >= 27.0 0
Max <= 0.0 1
Min <= 0.0 14
Min <= -18.0 0
Max Rain: 11.0 on day 28
Days of Rain: 16 (>= 0.2 mm) 7 (>= 2.0 mm) 0 (>= 20.0 mm)
Heat Base: 18.3 Cool Base: 18.3 Method: Integration