V/Λ SELECT: Month and Year
OR > Month
Monthly Climatological Summary for Sep 2018
Name: Wetterstation Ottenau City: Gaggenau-Ottenau State: Deutschland
Elevation: 144 m Lat: N 48° 47' 34" Lon: E 008° 19' 35"
Temperature (°C), Rain (mm), Wind Speed (km/h)
Heat Cool Avg
Mean Deg Deg Wind Dom
Day Temp High Time Low Time Days Days Rain Speed High Time Dir
----------------------------------------------------------------------------------
01 18.4 23.2 16:44 13.6 08:22 1.9 1.2 0.2 2.2 25.7 16:15 NNW
02 16.2 19.2 12:35 13.1 02:16 2.3 0.0 0.0 1.4 16.1 11:43 N
03 19.6 23.5 17:39 15.6 07:09 1.0 1.1 0.0 1.4 14.5 11:24 NNW
04 20.1 26.6 16:39 13.6 06:54 1.3 2.6 0.0 1.4 19.3 14:13 NNW
05 22.8 29.8 16:30 15.7 06:37 0.6 4.2 0.0 1.7 17.7 13:21 N
06 22.5 27.7 14:24 17.3 07:02 0.1 3.2 0.4 2.2 24.1 13:38 NW
07 19.0 23.3 15:44 14.7 22:41 0.7 1.0 0.4 2.2 22.5 12:23 NNW
08 17.7 24.5 16:57 10.9 06:06 2.3 1.5 0.2 2.0 20.9 15:28 NNW
09 19.6 27.6 16:33 11.5 06:12 1.7 2.8 0.0 2.9 20.9 16:28 N
10 22.0 29.8 15:22 14.2 04:48 0.9 3.8 0.0 2.7 24.1 15:22 NNW
11 22.1 29.6 15:57 14.6 05:17 0.9 4.0 0.0 2.0 19.3 23:44 WNW
12 24.1 31.9 16:53 16.3 07:01 0.3 5.8 0.0 2.5 20.9 14:04 NW
13 19.8 23.7 14:19 15.9 23:25 0.3 1.2 4.8 2.0 24.1 15:02 N
14 18.6 21.9 16:25 15.2 06:10 1.2 0.8 0.0 1.0 16.1 14:15 NNW
15 18.2 23.0 15:32 13.3 07:26 1.7 1.1 0.2 1.6 22.5 14:49 NNW
16 18.8 26.1 15:43 11.4 06:07 2.3 2.1 0.0 2.4 19.3 09:06 NNW
17 21.8 29.4 15:19 14.1 05:55 1.1 3.4 0.0 2.8 20.9 06:40 N
18 22.8 30.4 15:26 15.1 06:51 0.4 4.7 0.0 2.4 24.1 18:12 NNW
19 22.8 30.6 15:35 14.9 05:07 0.5 4.7 0.0 2.2 19.3 16:04 NNW
20 23.8 30.3 16:09 17.2 07:42 0.1 4.7 0.0 2.5 25.7 16:40 NW
21 21.1 28.8 11:08 13.3 20:52 1.2 3.2 5.2 3.7 40.2 16:35 NW
22 14.9 19.4 15:43 10.3 07:19 3.6 0.1 0.2 2.0 20.9 14:21 NNW
23 18.4 24.4 15:07 12.4 23:58 1.9 1.6 23.2 6.0 53.1 16:14 NNW
24 12.9 17.6 15:48 8.2 07:37 5.8 0.0 0.0 2.6 22.5 13:26 N
25 11.6 18.2 14:26 4.9 07:35 7.0 0.0 0.0 2.1 30.6 15:20 NE
26 12.4 19.8 16:28 4.9 07:35 6.4 0.1 0.0 2.3 20.9 02:54 N
27 15.3 24.4 16:11 6.1 07:44 4.7 1.1 0.0 1.7 12.9 12:33 N
28 16.0 22.6 15:10 9.4 07:16 3.2 0.9 0.0 3.8 22.5 19:19 NNW
29 13.7 20.1 15:36 7.2 23:56 4.5 0.2 0.0 3.0 20.9 09:38 N
30 14.4 22.2 16:46 6.6 01:09 5.4 0.5 0.0 2.4 25.7 03:54 NNE
----------------------------------------------------------------------------------
18.7 31.9 12 4.9 25 65.3 61.6 34.8 2.4 53.1 23 NNW
Max >= 27.0 11
Max <= 0.0 0
Min <= 0.0 0
Min <= -18.0 0
Max Rain: 23.2 on day 23
Days of Rain: 9 (>= 0.2 mm) 3 (>= 2.0 mm) 1 (>= 20.0 mm)
Heat Base: 18.3 Cool Base: 18.3 Method: Integration