V/Λ SELECT: Month and Year
OR > Month
Monthly Climatological Summary for Mai 2017
Name: Wetterstation Ottenau City: Gaggenau-Ottenau State: Deutschland
Elevation: 144 m Lat: N 48° 47' 34" Lon: E 008° 19' 35"
Temperature (°C), Rain (mm), Wind Speed (km/h)
Heat Cool Avg
Mean Deg Deg Wind Dom
Day Temp High Time Low Time Days Days Rain Speed High Time Dir
----------------------------------------------------------------------------------
01 12.1 16.0 00:00 8.2 09:08 7.6 0.0 1.6 2.4 27.4 06:30 S
02 13.3 18.4 16:25 8.2 00:44 6.3 0.0 0.0 2.5 24.1 12:17 NW
03 11.4 15.1 19:47 7.7 23:47 6.7 0.0 0.4 1.7 17.7 14:16 NNW
04 11.0 16.6 16:33 5.3 06:21 8.5 0.0 2.2 1.8 16.1 16:14 NNW
05 13.9 19.3 16:00 8.5 00:04 4.9 0.0 0.4 2.0 19.3 17:14 N
06 13.5 19.9 12:12 7.1 06:12 4.5 0.1 3.4 2.3 16.1 01:07 NW
07 13.1 14.0 17:28 12.2 00:15 5.2 0.0 7.4 2.1 19.3 10:44 SW
08 10.3 12.2 00:00 8.3 23:51 7.8 0.0 9.4 1.6 12.9 06:51 WSW
09 11.2 16.1 17:05 6.3 22:46 7.9 0.0 2.8 2.4 19.3 15:38 NNW
10 13.2 22.1 17:15 4.3 04:40 5.9 0.7 0.0 3.6 20.9 07:56 NNW
11 18.5 25.8 14:44 11.1 05:17 3.0 1.2 1.0 2.7 29.0 16:43 SE
12 18.0 22.7 14:32 13.3 06:15 2.0 0.8 2.4 2.1 27.4 16:57 W
13 19.2 24.6 17:18 13.7 03:22 2.0 1.5 4.8 2.6 35.4 19:31 WSW
14 18.3 23.3 15:11 13.3 06:10 2.1 1.1 0.2 2.2 24.1 16:18 NW
15 17.9 23.9 16:43 11.8 06:22 2.1 1.5 0.8 2.5 22.5 14:33 NW
16 20.4 28.4 16:41 12.3 06:26 1.8 3.5 0.0 4.7 25.7 17:31 N
17 22.4 30.8 15:44 13.9 06:04 1.0 5.2 0.0 2.6 22.5 16:21 NW
18 20.2 23.6 18:39 16.7 06:04 0.2 1.9 0.4 2.3 25.7 02:33 SE
19 13.4 18.2 01:26 8.6 23:29 4.9 0.0 16.0 2.2 19.3 19:08 SW
20 12.2 18.3 13:19 6.1 04:31 5.7 0.0 0.0 2.4 25.7 11:12 SW
21 16.0 23.8 15:49 8.2 05:40 3.6 1.6 0.0 3.7 27.4 15:30 N
22 18.3 26.2 15:46 10.3 04:39 2.5 2.7 0.0 2.6 22.5 15:35 NNW
23 21.2 27.1 15:24 15.3 05:16 0.8 3.6 0.0 3.0 24.1 11:13 WSW
24 21.0 24.3 16:18 17.6 23:55 0.0 2.0 0.0 3.0 19.3 13:12 NW
25 20.0 25.7 14:47 14.3 06:24 1.0 2.5 0.0 2.8 24.1 12:42 NNW
26 20.1 29.0 16:22 11.1 05:57 1.8 4.3 0.0 3.1 29.0 13:55 NNW
27 22.7 32.2 17:23 13.2 05:51 0.8 6.0 0.0 3.0 19.3 13:37 NW
28 24.7 33.0 16:07 16.3 05:17 0.1 7.3 0.0 2.9 22.5 02:51 N
29 25.7 33.0 18:13 18.3 05:43 0.0 7.6 0.0 3.4 24.1 02:10 SE
30 24.2 30.0 15:40 18.3 23:49 0.0 4.2 2.6 3.8 27.4 16:07 SSE
31 22.1 27.3 17:16 16.8 06:14 0.2 3.4 0.0 2.9 19.3 14:42 NNW
----------------------------------------------------------------------------------
17.4 33.0 28 4.3 10 100.9 62.7 55.8 2.7 35.4 13 NW
Max >= 27.0 9
Max <= 0.0 0
Min <= 0.0 0
Min <= -18.0 0
Max Rain: 16.0 on day 19
Days of Rain: 16 (>= 0.2 mm) 9 (>= 2.0 mm) 0 (>= 20.0 mm)
Heat Base: 18.3 Cool Base: 18.3 Method: Integration