V/Λ SELECT: Month and Year
OR > Month
Monthly Climatological Summary for Jun 2013
Name: Wetterstation Ottenau City: Gaggenau-Ottenau State: Deutschland
Elevation: 144 m Lat: N 48° 47' 34" Lon: E 008° 19' 35"
Temperature (°C), Rain (mm), Wind Speed (km/h)
Heat Cool Avg
Mean Deg Deg Wind Dom
Day Temp High Time Low Time Days Days Rain Speed High Time Dir
----------------------------------------------------------------------------------
01 14.7 17.2 17:55 12.1 09:03 5.0 0.0 32.0 0.4 17.7 18:07 NNW
02 14.7 19.7 16:49 9.7 23:57 4.1 0.1 0.0 3.0 25.7 17:48 NNW
03 11.9 15.0 13:48 8.8 03:09 6.4 0.0 0.0 1.5 17.7 14:18 N
04 15.7 22.4 15:51 9.0 06:53 3.6 1.0 0.0 2.9 24.1 15:28 N
05 17.6 25.9 15:50 9.2 05:29 2.8 2.7 0.0 1.5 20.9 17:45 N
06 20.0 27.1 16:11 12.8 06:05 1.7 3.3 0.0 2.0 22.5 12:32 N
07 20.4 27.7 16:42 13.0 04:42 1.3 3.4 0.0 1.8 24.1 16:28 N
08 21.5 28.7 17:06 14.2 02:04 1.1 4.3 0.0 1.8 19.3 13:53 N
09 19.1 23.6 16:29 14.6 23:59 0.9 1.6 11.4 1.6 19.3 14:23 NNW
10 15.3 16.7 12:08 13.9 00:43 3.0 0.0 5.0 0.7 16.1 13:12 NW
11 18.6 23.1 17:28 14.1 05:58 1.9 1.1 0.8 0.8 16.1 13:19 NW
12 19.7 25.4 14:56 14.0 05:02 1.4 2.4 0.0 2.0 20.9 02:30 SSW
13 22.4 30.4 17:44 14.3 23:49 0.7 4.2 1.2 2.3 35.4 20:08 NW
14 16.8 21.7 16:11 11.8 06:18 2.6 0.8 3.0 2.2 17.7 13:24 NNW
15 18.8 25.7 16:10 11.8 03:40 1.9 2.2 0.0 1.4 25.7 13:17 NW
16 20.2 27.6 17:05 12.7 05:36 1.3 3.4 0.0 1.8 20.9 13:42 N
17 25.7 34.8 17:49 16.6 06:00 0.2 6.8 0.0 1.2 12.9 14:20 NNW
18 28.6 36.3 16:15 20.8 05:25 0.0 9.9 0.2 2.4 24.1 16:30 NNW
19 27.5 35.5 16:26 19.5 05:37 0.0 9.3 0.0 1.6 16.1 10:47 NNW
20 22.4 28.4 17:32 16.4 21:18 0.2 5.3 4.4 1.7 61.2 20:52 WNW
21 18.9 23.6 14:39 14.1 05:40 1.0 1.7 0.6 2.2 25.7 10:58 SW
22 19.2 25.2 16:51 13.2 06:16 1.3 2.7 0.0 1.6 20.9 15:51 WSW
23 17.8 20.9 16:49 14.6 09:13 1.0 0.6 2.8 2.8 32.2 08:37 W
24 16.1 19.4 16:57 12.8 05:13 3.3 0.0 3.4 1.4 33.8 17:31 W
25 13.9 16.4 16:39 11.4 23:53 5.1 0.0 5.6 1.0 22.5 12:24 WNW
26 13.7 18.5 17:37 8.9 06:09 4.6 0.0 0.2 1.0 16.1 11:50 NNW
27 14.3 17.8 17:47 10.7 04:43 5.4 0.0 1.4 1.1 22.5 18:12 SW
28 15.8 22.2 17:09 9.4 06:45 3.5 0.5 0.8 1.7 19.3 15:33 NNW
29 15.7 18.5 15:06 12.9 06:37 2.7 0.0 3.2 1.0 16.1 09:54 SW
30 17.0 22.2 17:39 11.8 05:47 2.4 0.9 0.0 1.3 17.7 14:49 NNW
----------------------------------------------------------------------------------
18.4 36.3 18 8.8 3 70.4 68.2 76.0 1.7 61.2 20 NW
Max >= 27.0 9
Max <= 0.0 0
Min <= 0.0 0
Min <= -18.0 0
Max Rain: 32.0 on day 1
Days of Rain: 16 (>= 0.2 mm) 9 (>= 2.0 mm) 1 (>= 20.0 mm)
Heat Base: 18.3 Cool Base: 18.3 Method: Integration