V/Λ SELECT: Month and Year
OR > Month
Monthly Climatological Summary for Mrz 2013
Name: Wetterstation Ottenau City: Gaggenau-Ottenau State: Deutschland
Elevation: 144 m Lat: N 48° 47' 34" Lon: E 008° 19' 35"
Temperature (°C), Rain (mm), Wind Speed (km/h)
Heat Cool Avg
Mean Deg Deg Wind Dom
Day Temp High Time Low Time Days Days Rain Speed High Time Dir
----------------------------------------------------------------------------------
01 2.3 2.9 00:00 1.7 23:16 15.7 0.0 0.0 1.1 16.1 12:29 N
02 1.6 5.3 16:08 -2.2 23:52 16.7 0.0 0.0 0.8 14.5 05:14 ESE
03 3.3 9.2 15:09 -2.7 07:41 16.6 0.0 0.0 1.3 17.7 12:44 N
04 5.3 13.8 16:12 -3.3 05:13 14.6 0.0 0.0 1.8 22.5 23:11 NNE
05 5.4 13.2 15:55 -2.4 07:17 13.7 0.0 0.0 0.9 12.9 13:30 N
06 8.2 16.3 14:49 0.1 07:47 11.0 0.0 0.0 1.0 14.5 11:06 N
07 12.1 17.4 14:01 6.8 07:45 7.3 0.0 0.8 1.6 27.4 23:13 SE
08 10.3 13.3 12:06 7.2 06:23 8.0 0.0 1.6 2.2 24.1 02:47 SE
09 12.2 16.1 14:39 8.2 06:10 7.0 0.0 1.4 1.7 19.3 12:43 SSW
10 9.1 13.1 15:05 5.1 23:50 9.4 0.0 1.6 0.9 16.1 13:10 SSW
11 3.7 5.1 00:00 2.3 22:59 14.9 0.0 0.8 1.3 11.3 00:28 NNW
12 0.0 2.3 00:00 -2.3 22:58 17.6 0.0 3.4 0.8 14.5 15:22 NNW
13 -3.5 -1.4 17:58 -5.6 23:01 21.1 0.0 0.4 1.5 14.5 14:46 N
14 -2.9 1.1 15:46 -6.8 04:10 20.8 0.0 1.6 0.2 8.0 10:50 N
15 0.1 3.5 16:03 -3.3 08:02 18.9 0.0 0.4 2.0 17.7 23:22 NW
16 4.4 10.9 13:55 -2.2 04:56 14.0 0.0 0.0 4.0 24.1 15:09 SSE
17 6.0 7.8 05:56 4.2 06:59 12.1 0.0 5.4 4.9 32.2 12:57 SSE
18 4.3 6.8 00:21 1.8 23:07 13.4 0.0 4.2 1.0 17.7 02:13 SE
19 6.3 10.7 15:56 1.8 00:00 12.4 0.0 2.8 3.1 29.0 09:52 SW
20 5.8 9.7 15:15 1.9 01:17 12.4 0.0 8.0 3.1 40.2 20:09 SSW
21 5.6 8.8 15:38 2.3 23:58 13.0 0.0 0.0 1.6 19.3 12:42 NW
22 6.0 13.7 14:46 -1.8 06:20 12.4 0.0 0.2 2.4 25.7 21:58 SE
23 4.3 6.2 00:00 2.4 05:58 13.9 0.0 0.0 1.9 20.9 17:58 SE
24 5.3 8.2 12:38 2.4 06:49 13.6 0.0 0.0 2.4 22.5 13:27 ENE
25 1.0 2.7 00:00 -0.8 08:32 17.5 0.0 0.6 2.5 19.3 08:32 N
26 0.4 1.8 12:35 -1.1 06:44 18.1 0.0 0.0 1.7 20.9 14:44 N
27 1.3 5.2 12:24 -2.6 06:04 16.6 0.0 0.0 2.0 20.9 12:55 SE
28 3.4 8.2 13:35 -1.4 06:09 15.0 0.0 0.0 1.4 16.1 23:56 NNW
29 3.4 7.6 14:21 -0.9 23:47 15.0 0.0 0.2 1.3 20.9 14:37 WNW
30 2.2 6.3 16:02 -1.9 01:52 15.5 0.0 0.0 1.8 24.1 20:32 N
31 2.8 5.4 16:05 0.1 04:42 15.0 0.0 0.0 1.8 19.3 16:23 N
----------------------------------------------------------------------------------
4.2 17.4 7 -6.8 14 443.2 0.0 33.4 1.8 40.2 20 E
Max >= 27.0 0
Max <= 0.0 1
Min <= 0.0 16
Min <= -18.0 0
Max Rain: 8.0 on day 20
Days of Rain: 16 (>= 0.2 mm) 5 (>= 2.0 mm) 0 (>= 20.0 mm)
Heat Base: 18.3 Cool Base: 18.3 Method: Integration