V/Λ SELECT: Month and Year
OR > Month
Monthly Climatological Summary for Jan 2013
Name: Wetterstation Ottenau City: Gaggenau-Ottenau State: Deutschland
Elevation: 144 m Lat: N 48° 47' 34" Lon: E 008° 19' 35"
Temperature (°C), Rain (mm), Wind Speed (km/h)
Heat Cool Avg
Mean Deg Deg Wind Dom
Day Temp High Time Low Time Days Days Rain Speed High Time Dir
----------------------------------------------------------------------------------
01 6.6 10.1 08:10 3.1 00:43 11.4 0.0 10.8 2.1 22.5 08:30 S
02 4.0 7.7 13:47 0.2 23:03 14.2 0.0 0.0 0.4 16.1 07:17 NW
03 4.6 8.7 20:34 0.4 02:15 12.8 0.0 1.8 0.6 16.1 07:24 SSW
04 8.2 9.2 15:40 7.2 05:02 9.8 0.0 0.4 0.4 11.3 10:49 S
05 7.7 8.7 00:18 6.7 09:27 10.8 0.0 0.2 1.3 16.1 12:11 WSW
06 6.9 7.7 17:03 6.1 08:46 11.3 0.0 0.0 0.9 14.5 07:14 SW
07 7.4 10.4 14:29 4.3 23:26 11.8 0.0 0.0 0.1 8.0 15:33 N
08 4.2 4.8 09:39 3.5 05:40 14.2 0.0 0.2 0.7 20.9 13:12 WNW
09 2.6 3.9 00:00 1.2 21:19 15.6 0.0 1.4 0.4 14.5 12:10 W
10 3.0 4.4 15:19 1.6 00:00 15.2 0.0 2.0 0.5 14.5 15:47 NW
11 1.8 3.3 00:00 0.3 05:43 16.4 0.0 0.6 0.7 12.9 09:39 N
12 -0.1 1.4 00:00 -1.5 23:45 18.4 0.0 0.2 0.3 9.7 05:36 N
13 -0.4 1.3 13:09 -2.1 03:53 19.1 0.0 0.8 0.3 8.0 14:19 NNW
14 -1.4 0.6 14:12 -3.3 22:23 19.4 0.0 0.4 0.6 12.9 23:16 NNW
15 -1.1 1.1 17:53 -3.3 00:00 19.4 0.0 0.4 0.4 9.7 13:50 N
16 -2.1 -0.4 01:40 -3.8 17:15 20.4 0.0 0.2 0.3 12.9 05:04 WSW
17 -2.9 -2.4 05:12 -3.3 09:05 21.1 0.0 0.0 1.4 12.9 05:41 N
18 -1.4 0.6 13:42 -3.4 22:37 19.8 0.0 0.2 0.4 16.1 17:54 SE
19 -0.6 2.2 13:30 -3.3 00:00 19.4 0.0 0.8 1.0 19.3 07:15 SE
20 -0.6 0.1 16:28 -1.3 10:05 19.0 0.0 0.2 0.6 9.7 12:14 NW
21 1.1 2.6 12:21 -0.5 06:27 17.9 0.0 4.4 0.2 8.0 12:35 N
22 1.4 2.3 12:30 0.4 00:00 17.2 0.0 5.4 0.1 8.0 12:47 WNW
23 1.0 2.3 15:32 -0.3 08:16 17.6 0.0 1.2 0.8 11.3 14:41 N
24 -1.4 -0.2 00:00 -2.5 17:59 19.9 0.0 0.0 2.8 17.7 10:26 N
25 -1.5 -0.1 14:19 -2.8 04:48 20.0 0.0 0.2 0.9 12.9 11:48 N
26 -3.4 0.3 23:17 -7.0 07:44 20.9 0.0 0.0 0.7 22.5 09:41 ESE
27 1.7 5.7 16:11 -2.3 07:07 16.2 0.0 4.0 0.4 25.7 17:47 S
28 5.5 9.2 13:07 1.7 06:20 13.5 0.0 1.2 1.0 24.1 23:49 SSW
29 9.1 11.7 23:40 6.4 00:00 9.3 0.0 9.6 8.1 43.5 13:05 SSW
30 13.2 16.7 12:27 9.7 23:55 5.3 0.0 9.2 7.2 43.5 12:30 SSW
31 9.6 11.8 14:47 7.3 07:04 8.7 0.0 0.2 5.3 37.0 16:43 SW
----------------------------------------------------------------------------------
2.7 16.7 30 -7.0 26 486.0 0.0 56.0 1.3 43.5 29 SW
Max >= 27.0 0
Max <= 0.0 4
Min <= 0.0 15
Min <= -18.0 0
Max Rain: 10.8 on day 1
Days of Rain: 25 (>= 0.2 mm) 7 (>= 2.0 mm) 0 (>= 20.0 mm)
Heat Base: 18.3 Cool Base: 18.3 Method: Integration